{"id":1039,"date":"2025-08-29T16:29:55","date_gmt":"2025-08-29T14:29:55","guid":{"rendered":"https:\/\/foreningenkult.dk\/?post_type=tribe_events&#038;p=1039"},"modified":"2025-08-29T16:40:21","modified_gmt":"2025-08-29T14:40:21","slug":"bogense-foreningsdag","status":"publish","type":"tribe_events","link":"http:\/\/foreningenkult.dk\/?tribe_events=bogense-foreningsdag","title":{"rendered":"BOGENSE FORENINGSDAG"},"content":{"rendered":"<p>Kom og m\u00f8d os til Bogense Foreningsdag &#8211; Vi er at finde p\u00e5 \u00d8stergade 9, Bogense sammen med Kunstforeningen Galleri Kn\u00e6gt.<\/p>\n<p>Se programmet her: (klik p\u00e5 billedet for at g\u00f8re linket aktivt) <a href=\"https:\/\/bogense.infoland.dk\/foreningsdag-i-bogense\/\" target=\"_blank\" rel=\"noopener noreferrer\">Program for Bogense Foreningsdag 2025 \u2013 Bogense<\/a><\/p>\n","protected":false},"excerpt":{"rendered":"<p>Kom og m\u00f8d os til Bogense Foreningsdag &#8211; Vi er at finde p\u00e5 \u00d8stergade 9, Bogense sammen med Kunstforeningen Galleri Kn\u00e6gt. Se programmet her: (klik p\u00e5 billedet for at g\u00f8re linket aktivt) Program for Bogense Foreningsdag 2025 \u2013 Bogense<\/p>\n","protected":false},"author":1,"featured_media":1040,"comment_status":"open","ping_status":"closed","template":"","meta":{"_price":"","_stock":"","_tribe_ticket_header":"","_tribe_default_ticket_provider":"","_tribe_ticket_capacity":"0","_ticket_start_date":"","_ticket_end_date":"","_tribe_ticket_show_description":"","_tribe_ticket_show_not_going":false,"_tribe_ticket_use_global_stock":"","_tribe_ticket_global_stock_level":"","_global_stock_mode":"","_global_stock_cap":"","_tribe_rsvp_for_event":"","_tribe_ticket_going_count":"","_tribe_ticket_not_going_count":"","_tribe_tickets_list":[],"_tribe_ticket_has_attendee_info_fields":false,"_tribe_events_status":"","_tribe_events_status_reason":""},"tags":[],"tribe_events_cat":[],"ticketed":false,"_links":{"self":[{"href":"http:\/\/foreningenkult.dk\/index.php?rest_route=\/wp\/v2\/tribe_events\/1039"}],"collection":[{"href":"http:\/\/foreningenkult.dk\/index.php?rest_route=\/wp\/v2\/tribe_events"}],"about":[{"href":"http:\/\/foreningenkult.dk\/index.php?rest_route=\/wp\/v2\/types\/tribe_events"}],"author":[{"embeddable":true,"href":"http:\/\/foreningenkult.dk\/index.php?rest_route=\/wp\/v2\/users\/1"}],"replies":[{"embeddable":true,"href":"http:\/\/foreningenkult.dk\/index.php?rest_route=%2Fwp%2Fv2%2Fcomments&post=1039"}],"version-history":[{"count":8,"href":"http:\/\/foreningenkult.dk\/index.php?rest_route=\/wp\/v2\/tribe_events\/1039\/revisions"}],"predecessor-version":[{"id":1048,"href":"http:\/\/foreningenkult.dk\/index.php?rest_route=\/wp\/v2\/tribe_events\/1039\/revisions\/1048"}],"wp:featuredmedia":[{"embeddable":true,"href":"http:\/\/foreningenkult.dk\/index.php?rest_route=\/wp\/v2\/media\/1040"}],"wp:attachment":[{"href":"http:\/\/foreningenkult.dk\/index.php?rest_route=%2Fwp%2Fv2%2Fmedia&parent=1039"}],"wp:term":[{"taxonomy":"post_tag","embeddable":true,"href":"http:\/\/foreningenkult.dk\/index.php?rest_route=%2Fwp%2Fv2%2Ftags&post=1039"},{"taxonomy":"tribe_events_cat","embeddable":true,"href":"http:\/\/foreningenkult.dk\/index.php?rest_route=%2Fwp%2Fv2%2Ftribe_events_cat&post=1039"}],"curies":[{"name":"wp","href":"https:\/\/api.w.org\/{rel}","templated":true}]}}

<p>Kom og mød os til Bogense Foreningsdag &#8211; Vi er at finde på Østergade 9, Bogense sammen med Kunstforeningen Galleri Knægt.</p>
<p>Se programmet her: (klik på billedet for at gøre linket aktivt) <a href="https://bogense.infoland.dk/foreningsdag-i-bogense/" target="_blank" rel="noopener noreferrer">Program for Bogense Foreningsdag 2025 – Bogense</a></p>

<p>Kom og mød os til Bogense Foreningsdag &#8211; Vi er at finde på Østergade 9, Bogense sammen med Kunstforeningen Galleri Knægt. Se programmet her: (klik på billedet for at gøre linket aktivt) Program for Bogense Foreningsdag 2025 – Bogense</p>
