{"id":2,"date":"2022-02-16T12:42:16","date_gmt":"2022-02-16T12:42:16","guid":{"rendered":"http:\/\/foreningenkult.dk\/?page_id=2"},"modified":"2026-02-16T21:49:09","modified_gmt":"2026-02-16T20:49:09","slug":"medlemskab-og-kontingent","status":"publish","type":"page","link":"https:\/\/foreningenkult.dk\/?page_id=2","title":{"rendered":"Medlemskab"},"content":{"rendered":"\t\t<div data-elementor-type=\"wp-page\" data-elementor-id=\"2\" class=\"elementor elementor-2\">\n\t\t\t\t\t\t\t\t\t<section class=\"elementor-section elementor-top-section elementor-element elementor-element-bb08729 elementor-section-boxed elementor-section-height-default elementor-section-height-default\" data-id=\"bb08729\" data-element_type=\"section\">\n\t\t\t\t\t\t<div class=\"elementor-container elementor-column-gap-default\">\n\t\t\t\t\t<div class=\"elementor-column elementor-col-66 elementor-top-column elementor-element elementor-element-7de70c9\" data-id=\"7de70c9\" data-element_type=\"column\">\n\t\t\t<div class=\"elementor-widget-wrap elementor-element-populated\">\n\t\t\t\t\t\t\t\t<div class=\"elementor-element elementor-element-4094290 elementor-widget elementor-widget-text-editor\" data-id=\"4094290\" data-element_type=\"widget\" data-widget_type=\"text-editor.default\">\n\t\t\t\t<div class=\"elementor-widget-container\">\n\t\t\t<style>\/*! elementor - v3.7.4 - 31-08-2022 *\/\n.elementor-widget-text-editor.elementor-drop-cap-view-stacked .elementor-drop-cap{background-color:#818a91;color:#fff}.elementor-widget-text-editor.elementor-drop-cap-view-framed .elementor-drop-cap{color:#818a91;border:3px solid;background-color:transparent}.elementor-widget-text-editor:not(.elementor-drop-cap-view-default) .elementor-drop-cap{margin-top:8px}.elementor-widget-text-editor:not(.elementor-drop-cap-view-default) .elementor-drop-cap-letter{width:1em;height:1em}.elementor-widget-text-editor .elementor-drop-cap{float:left;text-align:center;line-height:1;font-size:50px}.elementor-widget-text-editor .elementor-drop-cap-letter{display:inline-block}<\/style>\t\t\t\t<p><!-- wp:paragraph --><\/p>\n<p><span style=\"font-size: 16px; text-transform: inherit;\">Du melder dig ind i Foreningen KULT ved at skrive en mail til <\/span><a href=\"mailto:foreningenkult@gmail.com\" data-type=\"mailto\" data-id=\"mailto:foreningenkult@gmail.com\" style=\"font-size: 16px; text-transform: inherit;\">foreningenkult@gmail.com<\/a><span style=\"font-size: 16px; text-transform: inherit;\"> med oplysning om navn, adresse og tlf.nr. samt hvilket medlemskab, du \u00f8nsker. S\u00e5 modtager du en mail med dit medlemsnr. og info om betaling.<\/span><\/p>\n<p>Medlemskab giver adgang til de fleste af KULTs arrangementer til nedsat pris.<\/p>\n<p><!-- \/wp:paragraph --><!-- wp:paragraph --><!-- \/wp:paragraph --><!-- wp:paragraph --><\/p>\n<p><strong>Kontingent<\/strong> (1. januar \u2013 31. december):<\/p>\n<p><!-- \/wp:paragraph --><!-- wp:paragraph --><\/p>\n<p><em>Personligt medlemskab<\/em>: <strong>200 kr.<\/strong><\/p>\n<p><!-- \/wp:paragraph --><!-- wp:paragraph --><\/p>\n<p><em>Husstandsmedlemskab<\/em> (to personer): <strong>300 kr.<\/strong><\/p>\n<p><!-- \/wp:paragraph --><!-- wp:paragraph --><!-- \/wp:paragraph --><!-- wp:paragraph --><\/p>\n<p>Sp\u00f8rgsm\u00e5l om medlemskab kan rettes til kass\u00e9rer Niels Christensen p\u00e5 <a href=\"mailto:foreningenkult@gmail.com\" style=\"font-style: normal; font-variant-ligatures: none; font-variant-caps: normal; font-weight: 400; font-family: Roboto, sans-serif; font-size: 16px; color: inherit; background-color: rgb(255, 255, 255);\"><span style=\"font-style: normal; font-variant-ligatures: none; font-variant-caps: normal; font-weight: 400; font-family: Roboto, sans-serif; font-size: 16px;\">foreningenkult@gmail.com<\/span><\/a>&nbsp;eller p\u00e5 mobil 61 28 36 81<\/p>\n<p><!-- \/wp:paragraph --><!-- wp:paragraph --><!-- \/wp:paragraph --><!-- wp:paragraph --><\/p>\n<p><strong>Nordfyns Bank: <\/strong>Reg.nr. 6860&nbsp; kontonr. 12 10 757<\/p>\n<p><span style=\"font-family: Roboto, sans-serif; font-size: 16px; font-style: normal; font-variant-ligatures: none; font-variant-caps: normal; font-weight: 400;\">Generalforsamling: Der afholdes generalforsamling tirsdag d. 3\/3 2026 kl. 19:00 i Multisalen v. Bogense Skole, Gyldensteensvej 2, 5400 Bogense<\/span><\/p>\n<p><!-- \/wp:paragraph --><!-- wp:paragraph --><!-- \/wp:paragraph --><!-- wp:paragraph --><!-- \/wp:paragraph --><!-- wp:paragraph --><!-- \/wp:paragraph --><\/p>\t\t\t\t\t\t<\/div>\n\t\t\t\t<\/div>\n\t\t\t\t\t<\/div>\n\t\t<\/div>\n\t\t\t\t<div class=\"elementor-column elementor-col-33 elementor-top-column elementor-element elementor-element-61bb4d4\" data-id=\"61bb4d4\" data-element_type=\"column\">\n\t\t\t<div class=\"elementor-widget-wrap elementor-element-populated\">\n\t\t\t\t\t\t\t\t<div class=\"elementor-element elementor-element-7c74256 elementor-widget elementor-widget-image\" data-id=\"7c74256\" data-element_type=\"widget\" data-widget_type=\"image.default\">\n\t\t\t\t<div class=\"elementor-widget-container\">\n\t\t\t<style>\/*! elementor - v3.7.4 - 31-08-2022 *\/\n.elementor-widget-image{text-align:center}.elementor-widget-image a{display:inline-block}.elementor-widget-image a img[src$=\".svg\"]{width:48px}.elementor-widget-image img{vertical-align:middle;display:inline-block}<\/style>\t\t\t\t\t\t\t\t\t\t\t\t<img decoding=\"async\" width=\"605\" height=\"454\" src=\"https:\/\/foreningenkult.dk\/wp-content\/uploads\/2022\/08\/Dukketeater-1024x768.jpg\" class=\"attachment-large size-large\" alt=\"\" loading=\"lazy\" srcset=\"https:\/\/foreningenkult.dk\/wp-content\/uploads\/2022\/08\/Dukketeater-1024x768.jpg 1024w, https:\/\/foreningenkult.dk\/wp-content\/uploads\/2022\/08\/Dukketeater-300x225.jpg 300w, https:\/\/foreningenkult.dk\/wp-content\/uploads\/2022\/08\/Dukketeater-768x576.jpg 768w, https:\/\/foreningenkult.dk\/wp-content\/uploads\/2022\/08\/Dukketeater-1536x1152.jpg 1536w, https:\/\/foreningenkult.dk\/wp-content\/uploads\/2022\/08\/Dukketeater-100x75.jpg 100w, https:\/\/foreningenkult.dk\/wp-content\/uploads\/2022\/08\/Dukketeater-150x113.jpg 150w, https:\/\/foreningenkult.dk\/wp-content\/uploads\/2022\/08\/Dukketeater-200x150.jpg 200w, https:\/\/foreningenkult.dk\/wp-content\/uploads\/2022\/08\/Dukketeater-450x338.jpg 450w, https:\/\/foreningenkult.dk\/wp-content\/uploads\/2022\/08\/Dukketeater-600x450.jpg 600w, https:\/\/foreningenkult.dk\/wp-content\/uploads\/2022\/08\/Dukketeater-900x675.jpg 900w, https:\/\/foreningenkult.dk\/wp-content\/uploads\/2022\/08\/Dukketeater.jpg 2016w\" sizes=\"(max-width: 605px) 100vw, 605px\" \/>\t\t\t\t\t\t\t\t\t\t\t\t\t\t\t<\/div>\n\t\t\t\t<\/div>\n\t\t\t\t\t<\/div>\n\t\t<\/div>\n\t\t\t\t\t\t\t<\/div>\n\t\t<\/section>\n\t\t\t\t\t\t\t<\/div>\n\t\t","protected":false},"excerpt":{"rendered":"<p>Du melder dig ind i Foreningen KULT ved at skrive en mail til foreningenkult@gmail.com med oplysning om navn, adresse og tlf.nr. samt hvilket medlemskab, du \u00f8nsker. S\u00e5 modtager du en mail med dit medlemsnr. og info om betaling. Medlemskab giver &hellip;<\/p>\n<p class=\"read-more\"> <a class=\"more-link\" href=\"https:\/\/foreningenkult.dk\/?page_id=2\"> <span class=\"screen-reader-text\">Medlemskab<\/span> Read More &raquo;<\/a><\/p>\n","protected":false},"author":1,"featured_media":0,"parent":0,"menu_order":0,"comment_status":"closed","ping_status":"closed","template":"full-width-page.php","meta":{"_price":"","_stock":"","_tribe_ticket_header":"","_tribe_default_ticket_provider":"","_tribe_ticket_capacity":"0","_ticket_start_date":"","_ticket_end_date":"","_tribe_ticket_show_description":"","_tribe_ticket_show_not_going":false,"_tribe_ticket_use_global_stock":"","_tribe_ticket_global_stock_level":"","_global_stock_mode":"","_global_stock_cap":"","_tribe_rsvp_for_event":"","_tribe_ticket_going_count":"","_tribe_ticket_not_going_count":"","_tribe_tickets_list":[],"_tribe_ticket_has_attendee_info_fields":false},"_links":{"self":[{"href":"https:\/\/foreningenkult.dk\/index.php?rest_route=\/wp\/v2\/pages\/2"}],"collection":[{"href":"https:\/\/foreningenkult.dk\/index.php?rest_route=\/wp\/v2\/pages"}],"about":[{"href":"https:\/\/foreningenkult.dk\/index.php?rest_route=\/wp\/v2\/types\/page"}],"author":[{"embeddable":true,"href":"https:\/\/foreningenkult.dk\/index.php?rest_route=\/wp\/v2\/users\/1"}],"replies":[{"embeddable":true,"href":"https:\/\/foreningenkult.dk\/index.php?rest_route=%2Fwp%2Fv2%2Fcomments&post=2"}],"version-history":[{"count":54,"href":"https:\/\/foreningenkult.dk\/index.php?rest_route=\/wp\/v2\/pages\/2\/revisions"}],"predecessor-version":[{"id":1194,"href":"https:\/\/foreningenkult.dk\/index.php?rest_route=\/wp\/v2\/pages\/2\/revisions\/1194"}],"wp:attachment":[{"href":"https:\/\/foreningenkult.dk\/index.php?rest_route=%2Fwp%2Fv2%2Fmedia&parent=2"}],"curies":[{"name":"wp","href":"https:\/\/api.w.org\/{rel}","templated":true}]}}