{"id":713,"date":"2023-12-12T16:43:05","date_gmt":"2023-12-12T15:43:05","guid":{"rendered":"https:\/\/foreningenkult.dk\/?post_type=tribe_events&#038;p=713"},"modified":"2023-12-12T16:43:05","modified_gmt":"2023-12-12T15:43:05","slug":"juncker-et-musikalsk-foredrag","status":"publish","type":"tribe_events","link":"https:\/\/foreningenkult.dk\/?tribe_events=juncker-et-musikalsk-foredrag","title":{"rendered":"JUNCKER \u2013 Et musikalsk foredrag"},"content":{"rendered":"<p>Musikeren Juncker fort\u00e6ller fra hjertet om alle de d\u00f8re, musikken har \u00e5bnet over \u00e5rene &#8211; om m\u00f8det med flere store personligheder: Anker J\u00f8rgensen, Morten Olsen, Kim Larsen, Mikkel Beha m.fl. Men der bliver ogs\u00e5 plads til mere jordn\u00e6re m\u00f8der med blandt andre Junckers hund Bob i en humoristisk, men komplet \u00e6rlig og autentisk beretning om evnen til modstandsdygtigt at fastholde sig selv og sin identitet i musikbranchen &#8211; og i m\u00f8det og samarbejdet med de n\u00e6vnte.<\/p>\n<p>Juncker giver akustiske smagspr\u00f8ver p\u00e5 flere af sine kendte sange undervejs, s\u00e5dan som disse naturligt flettes ind i den overordnede fort\u00e6lling: \u201dMogens &amp; Karen\u201d, \u201dHavana\u201d (fra Kurs mod fjerne kyster) m.fl.<\/p>\n<p>Junckers musikalske foredrag handler om at holde fast i sig selv, om at stole p\u00e5, at man kan b\u00e6re uden at briste &#8211; og st\u00e5 ved den, man er p\u00e5 godt og ondt i et upoleret \u00f8jeblik i en verden, hvor idealerne om perfektion let kan vokse en over hovedet<\/p>\n<p><span style=\"color: #000000;\">Tilmelding:<\/span><br \/>\n<span style=\"color: #000000;\"><a style=\"color: #000000;\" href=\"https:\/\/foreningenkult.nemtilmeld.dk\/\">Billetk\u00f8b via NemTilmeld<\/a><\/span><\/p>\n","protected":false},"excerpt":{"rendered":"<p>Musikeren Juncker fort\u00e6ller fra hjertet om alle de d\u00f8re, musikken har \u00e5bnet over \u00e5rene &#8211; om m\u00f8det med flere store personligheder: Anker J\u00f8rgensen, Morten Olsen, Kim Larsen, Mikkel Beha m.fl. Men der bliver ogs\u00e5 plads til mere jordn\u00e6re m\u00f8der med &hellip;<\/p>\n<p class=\"read-more\"> <a class=\"more-link\" href=\"https:\/\/foreningenkult.dk\/?tribe_events=juncker-et-musikalsk-foredrag\"> <span class=\"screen-reader-text\">JUNCKER \u2013 Et musikalsk foredrag<\/span> Read More &raquo;<\/a><\/p>\n","protected":false},"author":1,"featured_media":714,"comment_status":"closed","ping_status":"closed","template":"","meta":{"_price":"","_stock":"","_tribe_ticket_header":"","_tribe_default_ticket_provider":"","_tribe_ticket_capacity":"0","_ticket_start_date":"","_ticket_end_date":"","_tribe_ticket_show_description":"","_tribe_ticket_show_not_going":false,"_tribe_ticket_use_global_stock":"","_tribe_ticket_global_stock_level":"","_global_stock_mode":"","_global_stock_cap":"","_tribe_rsvp_for_event":"","_tribe_ticket_going_count":"","_tribe_ticket_not_going_count":"","_tribe_tickets_list":[],"_tribe_ticket_has_attendee_info_fields":false,"_tribe_events_status":"","_tribe_events_status_reason":""},"tags":[],"tribe_events_cat":[],"ticketed":false,"_links":{"self":[{"href":"https:\/\/foreningenkult.dk\/index.php?rest_route=\/wp\/v2\/tribe_events\/713"}],"collection":[{"href":"https:\/\/foreningenkult.dk\/index.php?rest_route=\/wp\/v2\/tribe_events"}],"about":[{"href":"https:\/\/foreningenkult.dk\/index.php?rest_route=\/wp\/v2\/types\/tribe_events"}],"author":[{"embeddable":true,"href":"https:\/\/foreningenkult.dk\/index.php?rest_route=\/wp\/v2\/users\/1"}],"replies":[{"embeddable":true,"href":"https:\/\/foreningenkult.dk\/index.php?rest_route=%2Fwp%2Fv2%2Fcomments&post=713"}],"version-history":[{"count":1,"href":"https:\/\/foreningenkult.dk\/index.php?rest_route=\/wp\/v2\/tribe_events\/713\/revisions"}],"predecessor-version":[{"id":715,"href":"https:\/\/foreningenkult.dk\/index.php?rest_route=\/wp\/v2\/tribe_events\/713\/revisions\/715"}],"wp:featuredmedia":[{"embeddable":true,"href":"https:\/\/foreningenkult.dk\/index.php?rest_route=\/wp\/v2\/media\/714"}],"wp:attachment":[{"href":"https:\/\/foreningenkult.dk\/index.php?rest_route=%2Fwp%2Fv2%2Fmedia&parent=713"}],"wp:term":[{"taxonomy":"post_tag","embeddable":true,"href":"https:\/\/foreningenkult.dk\/index.php?rest_route=%2Fwp%2Fv2%2Ftags&post=713"},{"taxonomy":"tribe_events_cat","embeddable":true,"href":"https:\/\/foreningenkult.dk\/index.php?rest_route=%2Fwp%2Fv2%2Ftribe_events_cat&post=713"}],"curies":[{"name":"wp","href":"https:\/\/api.w.org\/{rel}","templated":true}]}}

<p>Musikeren Juncker fortæller fra hjertet om alle de døre, musikken har åbnet over årene &#8211; om mødet med flere store personligheder: Anker Jørgensen, Morten Olsen, Kim Larsen, Mikkel Beha m.fl. Men der bliver også plads til mere jordnære møder med blandt andre Junckers hund Bob i en humoristisk, men komplet ærlig og autentisk beretning om evnen til modstandsdygtigt at fastholde sig selv og sin identitet i musikbranchen &#8211; og i mødet og samarbejdet med de nævnte.</p>
<p>Juncker giver akustiske smagsprøver på flere af sine kendte sange undervejs, sådan som disse naturligt flettes ind i den overordnede fortælling: ”Mogens &amp; Karen”, ”Havana” (fra Kurs mod fjerne kyster) m.fl.</p>
<p>Junckers musikalske foredrag handler om at holde fast i sig selv, om at stole på, at man kan bære uden at briste &#8211; og stå ved den, man er på godt og ondt i et upoleret øjeblik i en verden, hvor idealerne om perfektion let kan vokse en over hovedet</p>
<p><span style="color: #000000;">Tilmelding:</span><br />
<span style="color: #000000;"><a style="color: #000000;" href="https://foreningenkult.nemtilmeld.dk/">Billetkøb via NemTilmeld</a></span></p>

<p>Musikeren Juncker fortæller fra hjertet om alle de døre, musikken har åbnet over årene &#8211; om mødet med flere store personligheder: Anker Jørgensen, Morten Olsen, Kim Larsen, Mikkel Beha m.fl. Men der bliver også plads til mere jordnære møder med &hellip;</p>
<p class="read-more"> <a class="more-link" href="https://foreningenkult.dk/?tribe_events=juncker-et-musikalsk-foredrag"> <span class="screen-reader-text">JUNCKER – Et musikalsk foredrag</span> Read More &raquo;</a></p>
