{"id":992,"date":"2025-05-14T23:28:04","date_gmt":"2025-05-14T21:28:04","guid":{"rendered":"https:\/\/foreningenkult.dk\/?post_type=tribe_events&#038;p=992"},"modified":"2025-05-14T23:36:49","modified_gmt":"2025-05-14T21:36:49","slug":"karen-marie-lillelund-hold-balancen-nyd-livet","status":"publish","type":"tribe_events","link":"https:\/\/foreningenkult.dk\/?tribe_events=karen-marie-lillelund-hold-balancen-nyd-livet","title":{"rendered":"KAREN-MARIE LILLELUND \u2013 Hold balancen \u2013 nyd livet"},"content":{"rendered":"<p>Det er med stor gl\u00e6de og k\u00e6mpe stolthed, at vi kan sparke efter\u00e5rss\u00e6sonen i gang med ingen ringere end Karen-Marie Lillelund med foredraget \u201dHold balancen \u2013 nyd livet\u201d &#8211; Det bliver IKKE kedeligt.<\/p>\n<p>Livet er ikke en generalpr\u00f8ve med d\u00f8den som premiere. Alligevel f\u00f8les det indimellem, som om vi bare r\u00e6ser afsted i fors\u00f8get pa\u030a at n\u00e5 en eller anden m\u00e5llinje og glemmer at nyde vejen derhen.<\/p>\n<p>Inspireret af det har Karen-Marie Lillelund skrevet et nyt foredrag, som handler om at leve livet fuldt ud og s\u00f8rge for at fa\u030a lidt med af det hele: K\u00e6rlighed, karriere, familie, sundhed, osv.<\/p>\n<p>Der er ingen l\u00f8ftede pegefingre, kun underholdende inspiration og m\u00e5ske et venligt skub til b\u00e5de at leve og nyde livet mens vi har det.<\/p>\n<p>Den tyske filosof Immanuel Kant skrev: \u201cSom modv\u00e6gt til livets mange sorger har himlen sk\u00e6nket mennesket tre gaver: H\u00e5bet, s\u00f8vnen og latteren\u201d.<\/p>\n<p>S\u00f8vnen overlader Karen-Marie Lillelund trygt til os selv, men h\u00e5bet og latteren har hun sat sig for at bibringe.<\/p>\n<p>Hun er ikke bange for at virke overfladisk og useri\u00f8s, for som hun siger: \u201dJeg ved det godt kan v\u00e6re klogt, selvom det er sjovt\u201d.<\/p>\n<p>Showstart kl. 19:30. D\u00f8rene \u00e5bner kl. 19:00.<\/p>\n<p>Tilmelding:<br \/>\n<a href=\"https:\/\/foreningenkult.nemtilmeld.dk\/\">Billetk\u00f8b via NemTilmeld<\/a><\/p>\n","protected":false},"excerpt":{"rendered":"<p>Det er med stor gl\u00e6de og k\u00e6mpe stolthed, at vi kan sparke efter\u00e5rss\u00e6sonen i gang med ingen ringere end Karen-Marie Lillelund med foredraget \u201dHold balancen \u2013 nyd livet\u201d &#8211; Det bliver IKKE kedeligt. Livet er ikke en generalpr\u00f8ve med d\u00f8den &hellip;<\/p>\n<p class=\"read-more\"> <a class=\"more-link\" href=\"https:\/\/foreningenkult.dk\/?tribe_events=karen-marie-lillelund-hold-balancen-nyd-livet\"> <span class=\"screen-reader-text\">KAREN-MARIE LILLELUND \u2013 Hold balancen \u2013 nyd livet<\/span> Read More &raquo;<\/a><\/p>\n","protected":false},"author":1,"featured_media":988,"comment_status":"open","ping_status":"closed","template":"","meta":{"_price":"","_stock":"","_tribe_ticket_header":"","_tribe_default_ticket_provider":"","_tribe_ticket_capacity":"0","_ticket_start_date":"","_ticket_end_date":"","_tribe_ticket_show_description":"","_tribe_ticket_show_not_going":false,"_tribe_ticket_use_global_stock":"","_tribe_ticket_global_stock_level":"","_global_stock_mode":"","_global_stock_cap":"","_tribe_rsvp_for_event":"","_tribe_ticket_going_count":"","_tribe_ticket_not_going_count":"","_tribe_tickets_list":[],"_tribe_ticket_has_attendee_info_fields":false,"_tribe_events_status":"","_tribe_events_status_reason":""},"tags":[],"tribe_events_cat":[],"ticketed":false,"_links":{"self":[{"href":"https:\/\/foreningenkult.dk\/index.php?rest_route=\/wp\/v2\/tribe_events\/992"}],"collection":[{"href":"https:\/\/foreningenkult.dk\/index.php?rest_route=\/wp\/v2\/tribe_events"}],"about":[{"href":"https:\/\/foreningenkult.dk\/index.php?rest_route=\/wp\/v2\/types\/tribe_events"}],"author":[{"embeddable":true,"href":"https:\/\/foreningenkult.dk\/index.php?rest_route=\/wp\/v2\/users\/1"}],"replies":[{"embeddable":true,"href":"https:\/\/foreningenkult.dk\/index.php?rest_route=%2Fwp%2Fv2%2Fcomments&post=992"}],"version-history":[{"count":5,"href":"https:\/\/foreningenkult.dk\/index.php?rest_route=\/wp\/v2\/tribe_events\/992\/revisions"}],"predecessor-version":[{"id":997,"href":"https:\/\/foreningenkult.dk\/index.php?rest_route=\/wp\/v2\/tribe_events\/992\/revisions\/997"}],"wp:featuredmedia":[{"embeddable":true,"href":"https:\/\/foreningenkult.dk\/index.php?rest_route=\/wp\/v2\/media\/988"}],"wp:attachment":[{"href":"https:\/\/foreningenkult.dk\/index.php?rest_route=%2Fwp%2Fv2%2Fmedia&parent=992"}],"wp:term":[{"taxonomy":"post_tag","embeddable":true,"href":"https:\/\/foreningenkult.dk\/index.php?rest_route=%2Fwp%2Fv2%2Ftags&post=992"},{"taxonomy":"tribe_events_cat","embeddable":true,"href":"https:\/\/foreningenkult.dk\/index.php?rest_route=%2Fwp%2Fv2%2Ftribe_events_cat&post=992"}],"curies":[{"name":"wp","href":"https:\/\/api.w.org\/{rel}","templated":true}]}}

<p>Det er med stor glæde og kæmpe stolthed, at vi kan sparke efterårssæsonen i gang med ingen ringere end Karen-Marie Lillelund med foredraget ”Hold balancen – nyd livet” &#8211; Det bliver IKKE kedeligt.</p>
<p>Livet er ikke en generalprøve med døden som premiere. Alligevel føles det indimellem, som om vi bare ræser afsted i forsøget på at nå en eller anden mållinje og glemmer at nyde vejen derhen.</p>
<p>Inspireret af det har Karen-Marie Lillelund skrevet et nyt foredrag, som handler om at leve livet fuldt ud og sørge for at få lidt med af det hele: Kærlighed, karriere, familie, sundhed, osv.</p>
<p>Der er ingen løftede pegefingre, kun underholdende inspiration og måske et venligt skub til både at leve og nyde livet mens vi har det.</p>
<p>Den tyske filosof Immanuel Kant skrev: “Som modvægt til livets mange sorger har himlen skænket mennesket tre gaver: Håbet, søvnen og latteren”.</p>
<p>Søvnen overlader Karen-Marie Lillelund trygt til os selv, men håbet og latteren har hun sat sig for at bibringe.</p>
<p>Hun er ikke bange for at virke overfladisk og useriøs, for som hun siger: ”Jeg ved det godt kan være klogt, selvom det er sjovt”.</p>
<p>Showstart kl. 19:30. Dørene åbner kl. 19:00.</p>
<p>Tilmelding:<br />
<a href="https://foreningenkult.nemtilmeld.dk/">Billetkøb via NemTilmeld</a></p>

<p>Det er med stor glæde og kæmpe stolthed, at vi kan sparke efterårssæsonen i gang med ingen ringere end Karen-Marie Lillelund med foredraget ”Hold balancen – nyd livet” &#8211; Det bliver IKKE kedeligt. Livet er ikke en generalprøve med døden &hellip;</p>
<p class="read-more"> <a class="more-link" href="https://foreningenkult.dk/?tribe_events=karen-marie-lillelund-hold-balancen-nyd-livet"> <span class="screen-reader-text">KAREN-MARIE LILLELUND – Hold balancen – nyd livet</span> Read More &raquo;</a></p>
